*l + 1. Determine k(-3).
7
Let b(u) = -3*u**2 - 3*u + 5. What is b(-4)?
-31
Let s(w) = -2*w**3 - 3*w**2 + 5*w - 3. Calculate s(1).
-3
Let m(t) = t**2 - t - 5. Calculate m(-3).
7
Let q(w) = w**3 - 5*w**2 + 3*w - 3. Give q(4).
-7
Let x(q) = 94*q + 560. Calculate x(-6).
-4
Let h(w) = w**3 + 9*w**2 + 5. What is h(-9)?
5
Let f(b) = 64*b - 646. Give f(10).
-6
Let p(q) = -q**2 - 22*q - 44. Give p(-18).
28
Let k(w) = 4*w + 12. Calculate k(-9).
-24
Let f(a) = -5*a**2 - a - 1. What is f(-1)?
-5
Let c(k) = -6*k**3 - 3*k**2 + k - 8. What is c(-2)?
26
Let f(a) = -2*a**2 + 3*a + 38. Determine f(-4).
-6
Let r(o) = o**2 + 11*o - 18. Give r(-12).
-6
Let l(i) = -11*i + 20. Determine l(9).
-79
Let g(c) = -4*c + 32. What is g(10)?
-8
Let y(r) = r**2 - 2*r - 7. Calculate y(-6).
41
Let m(p) = 22*p - 146. Calculate m(7).
8
Let j(m) = m**2 - 17*m + 48. Calculate j(14).
6
Let z(i) = i - 11. Give z(-8).
-19
Let j(y) = -y**2 - 11*y - 5. Give j(-9).
13
Let y(p) = -13*p - 226. What is y(-17)?
-5
Let s(m) = m**2 + 14*m - 6. Give s(-7).
-55
Let q(o) = 2*o + 27. Give q(-20).
-13
Let c(o) = -o**3 - 9*o**2 - 19*o - 101. Calculate c(-8).
-13
Let b(g) = g**3 + 7*g**2 + 3*g + 17. Calculate b(-7).
-4
Let d(q) = 52*q - 6. Determine d(0).
-6
Let z(r) = r**2 - 18*r + 39. Calculate z(15).
-6
Let a(h) = -5*h - 4. What is a(9)?
-49
Let n(k) = 4*k - 1. Give n(3).
11
Let a(i) = -24*i + 58. Calculate a(3).
-14
Let v(q) = -41*q - 368. Calculate v(-9).
1
Let h(n) = -n**3 - 17*n**2 + 2*n + 30. What is h(-17)?
-4
Let j(b) = -3*b**2 - 4*b + 11. Calculate j(0).
11
Let u(z) = 11*z + 344. Calculate u(-30).
14
Let b(m) = -2*m**2 - 12*m + 11. What is b(-7)?
-3
Let f(j) = j + 10. Calculate f(-12).
-2
Let i(j) = j**3 - 9*j**2 + 14*j - 44. Determine i(8).
4
Let y(x) = -6*x + 4. Give y(-6).
40
Let b(y) = -2*y**3 - 2*y**2 + 3*y - 3. Calculate b(2).
-21
Let z(v) = 2*v + 48. Determine z(-21).
6
Let w(d) = 10*d + 19. What is w(-6)?
-41
Let r(p) = -21*p - 132. Determine r(-6).
-6
Let t(v) = 2*v**3 + 9*v**2 + 9*v + 7. Give t(-3).
7
Let t(s) = -8*s - 25. Calculate t(-3).
-1
Let t(x) = 5*x + 94. What is t(-19)?
-1
Let b(n) = n**2 + 18*n + 20. Calculate b(-17).
3
Let m(k) = 6*k + 67. Determine m(-13).
-11
Let s(t) = -t**2 + 12*t - 4. What is s(10)?
16
Let k(p) = p - 5. Determine k(2).
-3
Let c(m) = m**2 + 11*m + 10. Calculate c(-10).
0
Let x(l) = -2*l**3 + 2*l - 1. Determine x(-2).
11
Let c(a) = a**3 + 10*a**2 + 26*a + 14. What is c(-6)?
2
Let r(c) = 39*c**3 + 4*c**2 - 4*c + 1. Calculate r(1).
40
Let x(i) = -4*i**2 - 5*i + 5. Determine x(-5).
-70
Let v(i) = i**2 - 26*i + 171. Calculate v(12).
3
Let h(w) = 13*w**2 - 3*w - 2. Give h(-1).
14
Let h(f) = f**2 - 40. Give h(7).
9
Let v(j) = -3*j - 48. Give v(-16).
0
Let i(q) = q**3 - 11*q**2 - 13*q + 11. Give i(12).
-1
Let f(s) = -2*s**3 + 15*s**2 - 8*s + 22. Calculate f(7).
15
Let g(a) = -a**3 - a**2 + 1. Give g(0).
1
Let m(k) = -k**3 - 4*k**2 - k - 2. Determine m(-3).
-8
Let c(q) = -q**3 - 12*q**2 + 2*q + 10. Give c(-12).
-14
Let m(z) = z**2 + 10*z - 15. What is m(-11)?
-4
Let k(c) = -c**3 + 5*c**2 - 2. What is k(5)?
-2
Let d(w) = -4*w**2 + w + 4. Give d(-3).
-35
Let u(a) = a**3 - 8*a**2 - 20*a - 9. Calculate u(10).
-9
Let s(i) = -22*i + 2. What is s(-2)?
46
Let l(h) = h**3 + 13*h**2 - 3*h + 1. Calculate l(-14).
-153
Let x(r) = -152*r + 464. Determine x(3).
8
Let u(d) = -4*d - 10. Calculate u(-4).
6
Let y(p) = -2*p**2 - 4*p + 14. Calculate y(-5).
-16
Let p(d) = 2*d**3 - 5*d**2 + 2*d + 3. What is p(3)?
18
Let h(a) = -7*a - 1. Determine h(1).
-8
Let x(p) = -2*p**2 + 12*p - 23. Determine x(5).
-13
Let t(f) = 9*f + 7. Calculate t(-3).
-20
Let i(n) = n**3 - 2*n**2 - 2*n + 4. Calculate i(0).
4
Let w(b) = b**3 - 4*b**2 - 6*b + 1. What is w(4)?
-23
Let y(t) = -t**3 + 9*t**2 - 10*t + 14. Give y(8).
-2
Let b(n) = n**2 + 2*n - 7. What is b(0)?
-7
Let r(x) = x**3 - 6*x**2 + 8*x - 4. What is r(4)?
-4
Let b(u) = u**3 - 6*u**2 + 4*u + 2. Give b(6).
26
Let h(w) = -3*w. Calculate h(-1).
3
Let d(h) = h**2 - 11*h + 34. Give d(5).
4
Let t(w) = -5*w + 8. Calculate t(-7).
43
Let k(u) = u + 2. Give k(-3).
-1
Let b(r) = -10*r + 13. Give b(9).
-77
Let o(l) = -l**2 + 25*l - 14. What is o(25)?
-14
Let t(d) = -7*d**2 - d. Determine t(-1).
-6
Let z(t) = 10*t**3 + 2*t**2 - 1. What is z(1)?
11
Let g(s) = -s**3 - 7*s**2 - 3*s - 10. Give g(-7).
11
Let y(x) = -x**3 + 8*x**2 - 3. Determine y(8).
-3
Let j(w) = w**2 + 11*w + 14. Calculate j(-4).
-14
Let y(q) = -q**3 + 11*q**2 - 7*q - 25. Calculate y(10).
5
Let d(x) = x**2 + x - 209. Give d(15).
31
Let w(y) = 35*y**2 + 73*y. What is w(-2)?
-6
Let u(l) = -l**2 + 5*l + 3. What is u(7)?
-11
Let q(v) = 13*v - 1. What is q(1)?
12
Let a(b) = 182*b + 15. Calculate a(-1).
-167
Let o(h) = -h**3 + 6*h**2 + 2*h + 8. What is o(6)?
20
Let j(w) = w**3 - 2*w**2 - 6*w + 4. Determine j(4).
12
Let a(b) = -b**3 + 30*b**2 - 143*b - 18. What is a(24)?
6
Let c(a) = 5*a**2 + 34*a + 25. Determine c(-6).
1
Let g(o) = -40*o - 160. What is g(-4)?
0
Let h(d) = -d**3 - 17*d**2 - 19*d - 28. What is h(-16)?
20
Let p(x) = -4*x - 10. What is p(0)?
-10
Let x(f) = -f**2 + 17*f - 13. Give x(13).
39
Let a(p) = -p**3 - p**2 + p - 1. Determine a(-3).
14
Let s(g) = -11*g**2 - 4*g + 19. Determine s(4).
-173
Let r(n) = n**3 - 4*n**2 - 3*n - 1. What is r(0)?
-1
Let c(m) = m**3 - 6*m**2 - 45*m + 274. Calculate c(6).
4
Let p(y) = -6*y**2 + 13*y - 7. Give p(2).
-5
Let a(d) = d**2 + 6*d + 6. Give a(-4).
-2
Let i(b) = -24*b - 608. Give i(-25).
-8
Let j(s) = -8*s - 4. What is j(-4)?
28
Let f(b) = b**2 + 4*b + 1. Calculate f(3).
22
Let j(r) = r**3 + 11*r**2 + 7. Calculate j(-11).
7
Let v(q) = -q**3 - 13*q**2 - 10*q + 23. What is v(-12)?
-1
Let d(c) = c**2 + 10*c - 648. Calculate d(-31).
3
Let l(y) = 3*y**2 - 6*y + 10. Calculate l(3).
19
Let w(g) = g**3 - 10*g**2 + 2*g - 14. Determine w(10).
6
Let j(t) = t**3 + 5*t**2 - 5*t + 7. Determine j(-6).
1
Let k(w) = 4*w + 5. Determine k(-3).
-7
Let w(f) = 3*f**3 + 10*f**2 + 2*f - 6. What is w(-3)?
-3
Let t(c) = -c**2 - c - 28. Give t(0).
-28
Let c(h) = h**2 - 3*h - 68. What is c(-6)?
-14
Let x(r) = r**3 - 10*r**2 + 12*r - 22. Calculate x(10).
98
Let r(p) = -p**3 - 3*p**2 + 2. Calculate r(-2).
-2
Let q(j) = j**3 - 21*j**2 + j - 17. Determine q(21).
4
Let t(l) = -l**3 + 26*l**2 - 25*l + 17. Give t(25).
17
Let m(j) = j**2 - 9*j + 16. Give m(2).
2
Let v(d) = 3*d - 11. Give v(6).
7
Let r(b) = -6*b + 3. What is r(-6)?
39
Let k(q) = -q**2 + 18*q - 34. What is k(14)?
22
Let s(b) = -b**2 - 7*b + 5. Calculate s(-6).
11
Let h(a) = -a + 2. Determine h(-5).
7
Let r(g) = 2*g - 35. What is r(7)?
-21
Let q(j) = -7*j + 1. Calculate q(-2).
15
Let l(n) = -n**2 - 9*n + 22. Give l(-9).
22
Let z(h) = h**3 + 6*h**2 + 7. Determine z(-6).
7
Let u(w) = -3*w**2 + 2*w + 1. Calculate u(3).
-20
Let v(u) = u**3 + 9*u**2 - 2*u - 12. What is v(-9)?
6
Let k(w) = -w**2 - 7*w - 5. What is k(-5)?
5
Let d(q) = q**3 + 45*q**2 + 41*q - 131. Determine d(-44).
1
Let z(f) = 17*f - 67. What is z(4)?
1
Let l(m) = -26*m**2 - 1. What is l(1)?
-27
Let n(u) = u**3 - 6*u**2 - 10*u + 5. Determine n(7).
-16
Let l(u) = -6*u**3 - 3*u**2 + u + 1. Determine l(1).
-7
Let q(v) = 2*v + 13. What is q(-9)?
-5
Let x(i) = -i**2 - 5*i + 19. Determine x(-8).
-5
Let d(w) = 5*w**2 - 3*w + 8. Calculate d(2).
22
Let h(f) = 14*f - 34. Give h(4).
22
Let y(l) = 7*l - 5. Calculate y(-6).
-47
Let x(z) = -z**2 + z + 7. Give x(4).
-5
Let m(i) = -4*i**3 + 3*i - 3. Calculate m(1).
-4
Let n(l) = -l**2 + 10*l + 8. Give n(10).
8
Let z(u) = u**3 + 26*u**2 - 26*u + 29. Give z(-27).
2
Let v(x) = x**3 - 10*x**2 + 9*x + 7. Calculate v(6).
-83
Let f(k) = -3*k - 22. Determine f(-6).
-4
Let h(r) = r + 9. Determine h(17).
26
Let b(x) = -x**3 - 14*x**2 - 5*x - 67. Calculate b(-14).
3
Let b(j) = -21*j**2 - 85*j - 9. What is b(-4)?
-5
Let d(s) = 2*s**3 - s**2 - 1. Calculate d(-3).
-64
Let a(p) = 40*p**2 + 2*p + 1. What is a(-1)?
39
Let v(y) = y**3 + 8*y**2 + 12*y + 2. Give v(-5).
17
Let z(u) = -2*u**3 + 15*u**2 - 6*u - 14. Calculate z(7).
-7
Let v(i) = 21*i**2 + i + 1. What is v(-1)?
21
Let o(a) = -4*a. Give o(3).
-12
Let a(t) = 4*t**3 + 2*t**2 - 4*t + 2. Give a(1).
4
Let j(z) = z**3 + 8*z**2 + 4*z - 12. Calculate j(-7).
9
Let p(c) = 78*c - 312. Give p(4).
0
Let k(j) = -j**3 - 7*j**2 + 15*j + 8. Calculate k(-9).
35
Let q(w) = 23*w - 9. Give q(-7).
